{"id":850,"date":"2017-03-09T03:18:12","date_gmt":"2017-03-09T03:18:12","guid":{"rendered":"http:\/\/blankinstall.web-dev.oxygen-is-really-amazing-and-everyone-loves-it.com\/?page_id=2"},"modified":"2021-07-16T03:23:59","modified_gmt":"2021-07-16T03:23:59","slug":"terminos-de-servicio","status":"publish","type":"page","link":"https:\/\/www.pragmar.net\/sand-blast-y-pintura\/terminos-de-servicio\/","title":{"rendered":"T\u00e9rminos de Servicio"},"content":{"rendered":"\t\t<div data-elementor-type=\"wp-page\" data-elementor-id=\"850\" class=\"elementor elementor-850\" data-elementor-settings=\"[]\">\n\t\t\t\t\t\t\t<div class=\"elementor-section-wrap\">\n\t\t\t\t\t\t\t<section class=\"elementor-section elementor-top-section elementor-element elementor-element-70c83958 elementor-section-boxed elementor-section-height-default elementor-section-height-default\" data-id=\"70c83958\" data-element_type=\"section\">\n\t\t\t\t\t\t<div class=\"elementor-container elementor-column-gap-default\">\n\t\t\t\t\t<div class=\"elementor-column elementor-col-100 elementor-top-column elementor-element elementor-element-155bc93d\" data-id=\"155bc93d\" data-element_type=\"column\">\n\t\t\t<div class=\"elementor-widget-wrap elementor-element-populated\">\n\t\t\t\t\t\t\t\t<div class=\"elementor-element elementor-element-1a4d8f0d elementor-widget elementor-widget-text-editor\" data-id=\"1a4d8f0d\" data-element_type=\"widget\" data-widget_type=\"text-editor.default\">\n\t\t\t\t<div class=\"elementor-widget-container\">\n\t\t\t\t\t\t\t\t<p>Este sitio web es operado por <strong>Pragmar Distributors S.A. de C.V.<\/strong> En todo el sitio, los t\u00e9rminos \u201cnosotros\u201d, \u201cnos\u201d y \u201cnuestro\u201d se refieren a <strong>Pragmar Distributors<\/strong>.<\/p><p><strong>Pragmar Distributors<\/strong> ofrece este sitio web, incluyendo toda la informaci\u00f3n, herramientas y servicios disponibles para ti en este sitio, el usuario, est\u00e1 condicionado a la aceptaci\u00f3n de todos los t\u00e9rminos, condiciones, pol\u00edticas y notificaciones aqu\u00ed establecidos.<\/p><p>Al visitar nuestro sitio y\/o comprar algo de nosotros, participas en nuestro \u201cServicio\u201d y aceptas los siguientes t\u00e9rminos y condiciones (\u201cT\u00e9rminos de Servicio\u201d, \u201cT\u00e9rminos\u201d), incluidos todos los t\u00e9rminos y condiciones adicionales y las pol\u00edticas a las que se hace referencia en el presente documento y\/o disponible a trav\u00e9s de hiperv\u00ednculos. Estas Condiciones de Servicio se aplican a todos los usuarios del sitio, incluyendo si limitaci\u00f3n a usuarios que sean navegadores, proveedores, clientes, comerciantes, y\/o colaboradores de contenido.<\/p><p>Por favor, lee estos T\u00e9rminos de Servicio cuidadosamente antes de acceder o utilizar nuestro sitio web. Al acceder o utilizar cualquier parte del sitio, est\u00e1s aceptando los T\u00e9rminos de Servicio. Si no est\u00e1s de acuerdo con todos los t\u00e9rminos y condiciones de este acuerdo, entonces no deber\u00edas acceder a la p\u00e1gina web o usar cualquiera de los servicios. Si las T\u00e9rminos de Servicio son considerados una oferta, la aceptaci\u00f3n est\u00e1 expresamente limitada a estos T\u00e9rminos de Servicio.<\/p><p>Cualquier funci\u00f3n nueva o herramienta que se a\u00f1adan a la tienda actual, tambi\u00e9n estar\u00e1n sujetas a los T\u00e9rminos de Servicio. Puedes revisar la versi\u00f3n actualizada de los T\u00e9rminos de Servicio, en cualquier momento en esta p\u00e1gina. Nos reservamos el derecho de actualizar, cambiar o reemplazar cualquier parte de los T\u00e9rminos de Servicio mediante la publicaci\u00f3n de actualizaciones y\/o cambios en nuestro sitio web. Es tu responsabilidad chequear esta p\u00e1gina peri\u00f3dicamente para verificar cambios. Tu uso continuo o el acceso al sitio web despu\u00e9s de la publicaci\u00f3n de cualquier cambio constituye la aceptaci\u00f3n de dichos cambios.<\/p><h3>SECCI\u00d3N 1 &#8211; T\u00c9RMINOS DE NUESTRO SITIO WEB<\/h3><p>Al utilizar este sitio, declaras que tienes al menos la mayor\u00eda de edad en tu estado o provincia de residencia, o que tienes la mayor\u00eda de edad en tu estado o provincia de residencia y que nos has dado tu consentimiento para permitir que cualquiera de tus dependientes menores use este sitio.<\/p><p>No puedes usar nuestros productos con ning\u00fan prop\u00f3sito ilegal o no autorizado tampoco puedes, en el uso del Servicio, violar cualquier ley en tu jurisdicci\u00f3n (incluyendo, pero no limitado a las leyes de derecho de autor).<\/p><p>No debes transmitir gusanos, virus o cualquier c\u00f3digo de naturaleza destructiva.<\/p><p>El incumplimiento o violaci\u00f3n de cualquiera de estos T\u00e9rminos dar\u00e1n lugar al cese inmediato de tus Servicios.<\/p><h3>SECCI\u00d3N 2 &#8211; CONDICIONES GENERALES<\/h3><p>Nos reservamos el derecho de rechazar la prestaci\u00f3n de servicio a cualquier persona, por cualquier motivo y en cualquier momento.<\/p><p>Entiendes que tu contenido (sin incluir la informaci\u00f3n de tu tarjeta de cr\u00e9dito), puede ser transferida sin encriptar e involucrar (a) transmisiones a trav\u00e9s de varias redes; y (b) cambios para ajustarse o adaptarse a los requisitos t\u00e9cnicos de conexi\u00f3n de redes o dispositivos. La informaci\u00f3n de tarjetas de cr\u00e9dito est\u00e1 siempre encriptada durante la transferencia a trav\u00e9s de las redes.<\/p><p>Est\u00e1s de acuerdo con no reproducir, duplicar, copiar, vender, revender o explotar cualquier parte del Servicio, uso del Servicio, o acceso al Servicio o cualquier contacto en el sitio web a trav\u00e9s del cual se presta el servicio, sin el expreso permiso por escrito de nuestra parte.<\/p><p>Los t\u00edtulos utilizados en este acuerdo se incluyen solo por conveniencia y no limita o afecta a estos T\u00e9rminos.<\/p><h3>SECCI\u00d3N 3 &#8211; EXACTITUD, EXHAUSTVIDAD Y ACTUALIDAD DE LA INFORMACI\u00d3N<\/h3><p>No nos hacemos responsables si la informaci\u00f3n disponible en este sitio no es exacta, completa o actual.\u00a0 El material en este sitio es provisto solo para informaci\u00f3n general y no debe confiarse en ella o utilizarse como la \u00fanica base para la toma de decisiones sin consultar, primeramente, informaci\u00f3n m\u00e1s precisa, completa u oportuna.\u00a0 Cualquier dependencia en el material de este sitio es bajo su propio riesgo.<\/p><p>Este sitio puede contener cierta informaci\u00f3n hist\u00f3rica.\u00a0 La informaci\u00f3n hist\u00f3rica, no es necesariamente actual y es provista \u00fanicamente para tu referencia.\u00a0 Nos reservamos el derecho de modificar los contenidos de este sitio en cualquier momento, pero no tenemos obligaci\u00f3n de actualizar cualquier informaci\u00f3n en nuestro sitio.\u00a0 Aceptas que es tu responsabilidad de monitorear los cambios en nuestro sitio.<\/p><h3>SECTION 4 &#8211; MODIFICACIONES AL SERVICIO Y PRECIOS<\/h3><p>Los precios de nuestros productos est\u00e1n sujetos a cambio sin aviso.<\/p><p>Nos reservamos el derecho de modificar o discontinuar el Servicio (o cualquier parte del contenido) en cualquier momento sin aviso previo.<\/p><p>No seremos responsables ante ti o alguna tercera parte por cualquier modificaci\u00f3n, cambio de precio, suspensi\u00f3n o discontinuidad del Servicio.<\/p><h3>SECCI\u00d3N 5 &#8211; PRODUCTOS O SERVICIOS (si aplicable)<\/h3><p>Ciertos productos o servicios pueden estar disponibles exclusivamente en l\u00ednea a trav\u00e9s del sitio web. Estos productos o servicios pueden tener cantidades limitadas y estar sujetas a devoluci\u00f3n o cambio de acuerdo a nuestra pol\u00edtica de devoluci\u00f3n solamente.<\/p><p>Hemos hecho el esfuerzo de mostrar los colores y las im\u00e1genes de nuestros productos, con la mayor precisi\u00f3n de colores posible.\u00a0 No podemos garantizar que el monitor de tu computadora muestre los colores de manera exacta.<\/p><p>Nos reservamos el derecho, pero no estamos obligados, para limitar las ventas de nuestros productos o servicios a cualquier persona, regi\u00f3n geogr\u00e1fica o jurisdicci\u00f3n.\u00a0 Podemos ejercer este derecho basados en cada caso.\u00a0 Nos reservamos el derecho de limitar las cantidades de los productos o servicios que ofrecemos.\u00a0 Todas las descripciones de productos o precios de los productos est\u00e1n sujetos a cambios en cualquier momento sin previo aviso, a nuestra sola discreci\u00f3n.\u00a0 Nos reservamos el derecho de discontinuar cualquier producto en cualquier momento.\u00a0 Cualquier oferta de producto o servicio hecho en este sitio es nula donde est\u00e9 prohibido.<\/p><p>No garantizamos que la calidad de los productos, servicios, informaci\u00f3n u otro material comprado u obtenido por ti cumpla con tus expectativas, o que cualquier error en el Servicio ser\u00e1 corregido.<\/p><h3>SECCI\u00d3N 6 &#8211; EXACTITUD DE FACTURACI\u00d3N E INFORMACI\u00d3N DE CUENTA<\/h3><p>Nos reservamos el derecho de rechazar cualquier pedido que realice con nosotros. Podemos, a nuestra discreci\u00f3n, limitar o cancelar las cantidades compradas por persona, por hogar o por pedido. Estas restricciones pueden incluir pedidos realizados por o bajo la misma cuenta de cliente, la misma tarjeta de cr\u00e9dito, y\/o pedidos que utilizan la misma facturaci\u00f3n y\/o direcci\u00f3n de env\u00edo.<\/p><p>En el caso de que hagamos un cambio o cancelemos una orden, podemos intentar notificarte poni\u00e9ndonos en contacto v\u00eda correo electr\u00f3nico y\/o direcci\u00f3n de facturaci\u00f3n \/ n\u00famero de tel\u00e9fono proporcionado en el momento que se hizo pedido.\u00a0<\/p><p>Te comprometes a proporcionar informaci\u00f3n actual, completa y precisa de la compra y cuenta utilizada para todas las compras realizadas en nuestra p\u00e1gina.\u00a0 Te comprometes a actualizar r\u00e1pidamente tu cuenta y otra informaci\u00f3n, incluyendo tu direcci\u00f3n de correo electr\u00f3nico y n\u00fameros de tarjetas de cr\u00e9dito y fechas de vencimiento, para que podamos completar tus transacciones y contactarte cuando sea necesario.<\/p><h3>SECCI\u00d3N 7 &#8211; HERRAMIENTAS OPCIONALES<\/h3><p>Es posible que te proporcionemos acceso a herramientas de terceros a los cuales no monitoreamos y sobre los que no tenemos control ni entrada.<\/p><p>Reconoces y aceptas que proporcionamos acceso a este tipo de herramientas &#8220;tal cual&#8221; y &#8220;seg\u00fan disponibilidad&#8221; sin garant\u00edas, representaciones o condiciones de ning\u00fan tipo y sin ning\u00fan respaldo.\u00a0 No tendremos responsabilidad alguna derivada de o relacionada con tu uso de herramientas proporcionadas por terceras partes.<\/p><p>Cualquier uso que hagas de las herramientas opcionales que se ofrecen a trav\u00e9s del sitio bajo tu propio riesgo y discreci\u00f3n y debes asegurarte de estar familiarizado y aprobar los t\u00e9rminos bajo los cuales estas herramientas son proporcionadas por el o los proveedores de terceros.<\/p><p>Tambi\u00e9n es posible que, en el futuro, te ofrezcamos nuevos servicios y\/o caracter\u00edsticas a trav\u00e9s del sitio web (incluyendo el lanzamiento de nuevas herramientas y recursos).\u00a0 Estas nuevas caracter\u00edsticas y\/o servicios tambi\u00e9n estar\u00e1n sujetos a estos T\u00e9rminos de Servicio.<\/p><h3>SECCI\u00d3N 8 &#8211; ENLACES DE TERCERAS PARTES<\/h3><p>Cierto contenido, productos y servicios disponibles v\u00eda nuestro Servicio puede incluir material de terceras partes.<\/p><p>Enlaces de terceras partes en este sitio pueden direccionarte a sitios web de terceras partes que no est\u00e1n afiliadas con nosotros.\u00a0 No nos responsabilizamos de examinar o evaluar el contenido o exactitud y no garantizamos ni tendremos ninguna obligaci\u00f3n o responsabilidad por cualquier material de terceros o sitios web, o de cualquier material, productos o servicios de terceros.<\/p><p>No nos hacemos responsables de cualquier da\u00f1o o da\u00f1os relacionados con la adquisici\u00f3n o utilizaci\u00f3n de bienes, servicios, recursos, contenidos, o cualquier otra transacci\u00f3n realizadas en conexi\u00f3n con sitios web de terceros.\u00a0 Por favor revisa cuidadosamente las pol\u00edticas y pr\u00e1cticas de terceros y aseg\u00farate de entenderlas antes de participar en cualquier transacci\u00f3n.\u00a0 Quejas, reclamos, inquietudes o preguntas con respecto a productos de terceros deben ser dirigidas a la tercera parte.<\/p><h3>SECCI\u00d3N 9 &#8211; INFORMACI\u00d3N PERSONAL<\/h3><p>Tu presentaci\u00f3n de informaci\u00f3n personal a trav\u00e9s del sitio se rige por nuestra Pol\u00edtica de Privacidad. Para ver nuestra Pol\u00edtica de Privacidad.<\/p><h3>SECCI\u00d3N 10 &#8211; ERRORES, INEXACTITUDES Y OMISIONES<\/h3><p>De vez en cuando puede haber informaci\u00f3n en nuestro sitio o en el Servicio que contiene errores tipogr\u00e1ficos, inexactitudes u omisiones que puedan estar relacionadas con las descripciones de productos, precios, promociones, ofertas, gastos de env\u00edo del producto, el tiempo de tr\u00e1nsito y la disponibilidad. Nos reservamos el derecho de corregir los errores, inexactitudes u omisiones y de cambiar o actualizar la informaci\u00f3n o cancelar pedidos si alguna informaci\u00f3n en el Servicio o en cualquier sitio web relacionado es inexacta en cualquier momento sin previo aviso (incluso despu\u00e9s de que hayas enviado tu orden).<\/p><p>No asumimos ninguna obligaci\u00f3n de actualizar, corregir o aclarar la informaci\u00f3n en el Servicio o en cualquier sitio web relacionado, incluyendo, sin limitaci\u00f3n, la informaci\u00f3n de precios, excepto cuando sea requerido por la ley. Ninguna especificaci\u00f3n actualizada o fecha de actualizaci\u00f3n aplicada en el Servicio o en cualquier sitio web relacionado, debe ser tomada para indicar que toda la informaci\u00f3n en el Servicio o en cualquier sitio web relacionado ha sido modificado o actualizado.<\/p><h3>SECCI\u00d3N 11 &#8211; USOS PROHIBIDOS<\/h3><p>En adici\u00f3n a otras prohibiciones como se establece en los T\u00e9rminos de Servicio, se proh\u00edbe el uso del sitio o su contenido: (a) para ning\u00fan prop\u00f3sito ilegal; (b) para pedirle a otros que realicen o participen en actos il\u00edcitos; (c) para violar cualquier regulaci\u00f3n, reglas, leyes internacionales, federales, provinciales o estatales, u ordenanzas locales; (d) para infringir o violar el derecho de propiedad intelectual nuestro o de terceras partes; (e) para acosar, abusar, insultar, da\u00f1ar, difamar, calumniar, desprestigiar, intimidar o discriminar por razones de g\u00e9nero, orientaci\u00f3n sexual, religi\u00f3n, etnia, raza, edad, nacionalidad o discapacidad; (f) para presentar informaci\u00f3n falsa o enga\u00f1osa; (g) para cargar o transmitir virus o cualquier otro tipo de c\u00f3digo malicioso que sea o pueda ser utilizado en cualquier forma que pueda comprometer la funcionalidad o el funcionamiento del Servicio o de cualquier sitio web relacionado, otros sitios o Internet; (h) para recopilar o rastrear informaci\u00f3n personal de otros; (i) para generar spam, phish, pharm, pretext, spider, crawl, o scrape; (j) para cualquier prop\u00f3sito obsceno o inmoral; o (k) para interferir con o burlar los elementos de seguridad del Servicio o cualquier sitio web relacionado\u00bf otros sitios o Internet. Nos reservamos el derecho de suspender el uso del Servicio o de cualquier sitio web relacionado por violar cualquiera de los \u00edtems de los usos prohibidos.<\/p><h3>SECCI\u00d3N 12 &#8211; EXCLUSI\u00d3N DE GARANT\u00cdAS; LIMITACI\u00d3N DE RESPONSABILIDAD<\/h3><p>No garantizamos ni aseguramos que el uso de nuestro servicio ser\u00e1 ininterrumpido, puntual, seguro o libre de errores.<\/p><p>No garantizamos que los resultados que se puedan obtener del uso del servicio ser\u00e1n exactos o confiables.<\/p><p>Aceptas que de vez en cuando podemos quitar el servicio por per\u00edodos de tiempo indefinidos o cancelar el servicio en cualquier momento sin previo aviso.<\/p><p>Aceptas expresamente que el uso de, o la posibilidad de utilizar, el servicio es bajo tu propio riesgo.\u00a0 El servicio y todos los productos y servicios proporcionados a trav\u00e9s del servicio son (salvo lo expresamente manifestado por nosotros) proporcionados &#8220;tal cual&#8221; y &#8220;seg\u00fan est\u00e9 disponible&#8221; para su uso, sin ning\u00fan tipo de representaci\u00f3n, garant\u00edas o condiciones de ning\u00fan tipo, ya sea expresa o impl\u00edcita, incluidas todas las garant\u00edas o condiciones impl\u00edcitas de comercializaci\u00f3n, calidad comercializable, la aptitud para un prop\u00f3sito particular, durabilidad, t\u00edtulo y no infracci\u00f3n.<\/p><h3>SECCI\u00d3N 14 &#8211; INDEMNIZACI\u00d3N<\/h3><p>Aceptas indemnizar, defender y mantener indemne pRAGMAR y nuestras matrices, subsidiarias, afiliados, socios, funcionarios, directores, agentes, contratistas, concesionarios, proveedores de servicios, subcontratistas, proveedores, internos y empleados, de cualquier reclamo o demanda, incluyendo honorarios razonables de abogados, hechos por cualquier tercero a causa o como resultado de tu incumplimiento de las Condiciones de Servicio o de los documentos que incorporan como referencia, o la violaci\u00f3n de cualquier ley o de los derechos de u tercero.<\/p><h3>SECCI\u00d3N 15 &#8211; DIVISIBILIDAD<\/h3><p>En el caso de que se determine que cualquier disposici\u00f3n de estas Condiciones de Servicio sea ilegal, nula o inejecutable, dicha disposici\u00f3n ser\u00e1, no obstante, efectiva a obtener la m\u00e1xima medida permitida por la ley aplicable, y la parte no exigible se considerar\u00e1 separada de estos T\u00e9rminos de Servicio, dicha determinaci\u00f3n no afectar\u00e1 la validez de aplicabilidad de las dem\u00e1s disposiciones restantes.<\/p><h3>SECCI\u00d3N 16 &#8211; RESCISI\u00d3N<\/h3><p>Las obligaciones y responsabilidades de las partes que hayan incurrido con anterioridad a la fecha de terminaci\u00f3n sobrevivir\u00e1n a la terminaci\u00f3n de este acuerdo a todos los efectos.<\/p><p>Estas Condiciones de servicio son efectivos a menos que y hasta que sea terminado por ti o nosotros. Puedes terminar estos T\u00e9rminos de Servicio en cualquier momento por avisarnos que ya no deseas utilizar nuestros servicios, o cuando dejes de usar nuestro sitio.<\/p><p>Si a nuestro juicio, fallas, o se sospecha que has fallado, en el cumplimiento de cualquier t\u00e9rmino o disposici\u00f3n de estas Condiciones de Servicio, tambi\u00e9n podemos terminar este acuerdo en cualquier momento sin previo aviso, y seguir\u00e1s siendo responsable de todos los montos adeudados hasta incluida la fecha de terminaci\u00f3n; y\/o en consecuencia podemos negarte el acceso a nuestros servicios (o cualquier parte del mismo).<\/p><h3>SECCI\u00d3N 17 &#8211; ACUERDO COMPLETO<\/h3><p>Nuestra falla para ejercer o hacer valer cualquier derecho o disposici\u00f3n de estas Condiciones de Servicio no constituir\u00e1 una renuncia a tal derecho o disposici\u00f3n.<\/p><p>Estas Condiciones del servicio y las pol\u00edticas o reglas de operaci\u00f3n publicadas por nosotros en este sitio o con respecto al servicio constituyen el acuerdo completo y el entendimiento entre t\u00fa y nosotros y rigen el uso del Servicio y reemplaza cualquier acuerdo, comunicaciones y propuestas anteriores o contempor\u00e1neas, ya sea oral o escrita, entre t\u00fa y nosotros (incluyendo, pero no limitado a, cualquier versi\u00f3n previa de los T\u00e9rminos de Servicio).<\/p><p>Cualquier ambig\u00fcedad en la interpretaci\u00f3n de estas Condiciones del servicio no se interpretar\u00e1n en contra del grupo de redacci\u00f3n.<\/p><h3>SECCI\u00d3N 18 &#8211; LEY<\/h3><p>Estas Condiciones del servicio y cualquier acuerdo aparte en el que te proporcionemos servicios se regir\u00e1n e interpretar\u00e1n en conformidad con las leyes de M\u00e9xico.<\/p><h3>SECCI\u00d3N 19 &#8211; CAMBIOS EN LOS T\u00c9RMINOS DE SERVICIO<\/h3><p>Puedes revisar la versi\u00f3n m\u00e1s actualizada de los T\u00e9rminos de Servicio en cualquier momento en esta p\u00e1gina.<\/p><p>Nos reservamos el derecho, a nuestra sola discreci\u00f3n, de actualizar, modificar o reemplazar cualquier parte de estas Condiciones del servicio mediante la publicaci\u00f3n de las actualizaciones y los cambios en nuestro sitio web. Es tu responsabilidad revisar nuestro sitio web peri\u00f3dicamente para verificar los cambios. El uso continuo de o el acceso a nuestro sitio Web o el Servicio despu\u00e9s de la publicaci\u00f3n de cualquier cambio en estas Condiciones de servicio implica la aceptaci\u00f3n de dichos cambios.<\/p><h3>SECCI\u00d3N 20 &#8211; INFORMACI\u00d3N DE CONTACTO<\/h3><p>Preguntas acerca de los T\u00e9rminos de Servicio deben ser enviadas a mario.gomez@pragmar.net<\/p>\t\t\t\t\t\t<\/div>\n\t\t\t\t<\/div>\n\t\t\t\t\t<\/div>\n\t\t<\/div>\n\t\t\t\t\t\t\t<\/div>\n\t\t<\/section>\n\t\t\t\t\t\t<\/div>\n\t\t\t\t\t<\/div>\n\t\t","protected":false},"excerpt":{"rendered":"<p>Este sitio web es operado por Pragmar Distributors S.A. de C.V. En todo el sitio, los t\u00e9rminos \u201cnosotros\u201d, \u201cnos\u201d y \u201cnuestro\u201d se refieren a Pragmar Distributors. Pragmar Distributors ofrece este sitio web, incluyendo toda la informaci\u00f3n, herramientas y servicios disponibles para ti en este sitio, el usuario, est\u00e1 condicionado a la aceptaci\u00f3n de todos los [&hellip;]<\/p>\n","protected":false},"author":1,"featured_media":0,"parent":0,"menu_order":0,"comment_status":"closed","ping_status":"closed","template":"elementor_header_footer","meta":{"footnotes":""},"class_list":["post-850","page","type-page","status-publish","hentry"],"_links":{"self":[{"href":"https:\/\/www.pragmar.net\/sand-blast-y-pintura\/wp-json\/wp\/v2\/pages\/850","targetHints":{"allow":["GET"]}}],"collection":[{"href":"https:\/\/www.pragmar.net\/sand-blast-y-pintura\/wp-json\/wp\/v2\/pages"}],"about":[{"href":"https:\/\/www.pragmar.net\/sand-blast-y-pintura\/wp-json\/wp\/v2\/types\/page"}],"author":[{"embeddable":true,"href":"https:\/\/www.pragmar.net\/sand-blast-y-pintura\/wp-json\/wp\/v2\/users\/1"}],"replies":[{"embeddable":true,"href":"https:\/\/www.pragmar.net\/sand-blast-y-pintura\/wp-json\/wp\/v2\/comments?post=850"}],"version-history":[{"count":5,"href":"https:\/\/www.pragmar.net\/sand-blast-y-pintura\/wp-json\/wp\/v2\/pages\/850\/revisions"}],"predecessor-version":[{"id":1073,"href":"https:\/\/www.pragmar.net\/sand-blast-y-pintura\/wp-json\/wp\/v2\/pages\/850\/revisions\/1073"}],"wp:attachment":[{"href":"https:\/\/www.pragmar.net\/sand-blast-y-pintura\/wp-json\/wp\/v2\/media?parent=850"}],"curies":[{"name":"wp","href":"https:\/\/api.w.org\/{rel}","templated":true}]}}